{"id":3864,"date":"2025-11-14T17:05:03","date_gmt":"2025-11-14T17:05:03","guid":{"rendered":"https:\/\/greencourt.mgcomunicacio.com\/?page_id=3864"},"modified":"2025-11-25T13:57:17","modified_gmt":"2025-11-25T12:57:17","slug":"transformacio-de-pistes-de-padel-del-complex-poliesportiu-municipal-de-lametlla-de-mar","status":"publish","type":"page","link":"https:\/\/greencourt.mgcomunicacio.com\/ca\/projectes\/transformacio-de-pistes-de-padel-del-complex-poliesportiu-municipal-de-lametlla-de-mar\/","title":{"rendered":"Transformaci\u00f3 de pistes de P\u00e0del del Complex Poliesportiu Municipal de l&#8217;Ametlla de Mar"},"content":{"rendered":"<div class=\"wp-block-greencourt-cabecera mod-cabecera f1_2\"><div class=\"slider\"><div class=\"wp-block-greencourt-cabecera-interior slide\"><div class=\"maq-contenidor\" style=\"backdrop-filter: blur(0px)\"><div class=\"text\"><p class=\"is-style-com_titular_1 has-blanc-color has-text-color has-link-color wp-elements-c221228d2367f474928f751c67ad1cd4\">Ametlla de Mar<\/p><\/div><\/div><div class=\"image\" style=\"background-image:url(https:\/\/greencourt.mgcomunicacio.com\/wp-content\/uploads\/2025\/11\/Transformacio-de-pistes-de-Padel-del-Complex-Poliesportiu-Municipal-de-lAmetlla-de-Mar-04.jpg)\"><\/div><\/div><\/div><\/div><div class=\"wp-block-greencourt-marges maq-contenidor normal marge-superior-gran marge-inferior-gran\" data-aos=\"off\" data-aos-delay=\"aos_delay\"><h1 class=\"wp-block-heading is-style-com_titular_2\">Transformaci\u00f3 de pistes de P\u00e0del del Complex Poliesportiu Municipal de l&#8217;Ametlla de Mar<\/h1>\n\n<div style=\"height:5vh\" aria-hidden=\"true\" class=\"wp-block-spacer\"><\/div>\n\n<p class=\"is-style-com_titular_4\">Al Complex Poliesportiu Municipal de l\u2019Ametlla de Mar, hem executat la instal\u00b7laci\u00f3 completa d\u2019un sistema de gespa t\u00e8cnica d\u2019\u00faltima generaci\u00f3 per a les pistes de p\u00e0del. El projecte ha incl\u00f2s el subministrament i instal\u00b7laci\u00f3 de gespa EDEL ELITE XT CLUB-12\/24 fibril\u00b7lada en color blau, col\u00b7locada sobre una base de polipropil\u00e8 drenant estabilitzada amb l\u00e0tex imputrescible, que garanteix estabilitat, resist\u00e8ncia i un comportament \u00f2ptim fins i tot en usos intensius.<\/p>\n\n<p><\/p>\n\n<p class=\"is-style-com_titular_4\">El fil recte prefibril\u00b7lat de 12 mm d\u2019al\u00e7ada proporciona una trepitjada uniforme i una excel\u00b7lent recuperaci\u00f3, millorant la qualitat i la durabilitat de la superf\u00edcie de joc.<br><\/p><\/div><div class=\"wp-block-greencourt-marges maq-contenidor normal marge-superior-petit marge-inferior-petit\" data-aos=\"off\" data-aos-delay=\"aos_delay\"><div class=\"wp-block-greencourt-columnes-responsive mod-columnes-responsive cols-dsk-2 cols-tbl-2 cols-mob-1 gap-petit centra-orfes\"><div class=\"wp-block-greencourt-columna-responsive mod-columna-responsive-wrapper\"><div class=\"mod-columna-responsive valign-superior\"><p class=\"is-style-com_titular_3 has-taronja-greencourt-color has-text-color has-link-color wp-elements-e866b0956ece0682b0a7d79545783383\">Nova superf\u00edcie de gespa t\u00e8cnica EDEL ELITE XT CLUB-12\/24 al Complex Poliesportiu Municipal de l\u2019Ametlla de Mar, amb m\u00e0xima durabilitat, drenatge i precisi\u00f3 de joc.<\/p><\/div><\/div>\n\n<div class=\"wp-block-greencourt-columna-responsive mod-columna-responsive-wrapper\"><div class=\"mod-columna-responsive valign-superior\"><p class=\"is-style-com_titular_4\">Les pistes s\u2019ha completat amb una col\u00b7locaci\u00f3 flotant sobre cinta pl\u00e0stica amb adhesiu bicomponent, el marcatge de l\u00ednies amb el mateix material en color blanc de 12 cm, i un lastrat amb sorra de s\u00edlice arrodonida, rentada i seca, amb granulometria 0,2\u20130,6 mm i una aportaci\u00f3 de 12 kg\/m\u00b2, assegurant una estabilitat \u00f2ptima i una resposta consistent a tota la superf\u00edcie.<\/p>\n\n<p><\/p>\n\n<p class=\"is-style-com_titular_4\">Un nou pas endavant per oferir instal\u00b7lacions esportives fiables, duradores i preparades per al m\u00e0xim rendiment.<\/p><\/div><\/div><\/div><\/div><div style=\"height:10vh\" aria-hidden=\"true\" class=\"wp-block-spacer\"><\/div><figure class=\"wp-block-gallery has-nested-images columns-2 is-cropped wp-block-gallery-1 is-layout-flex wp-block-gallery-is-layout-flex\"><figure class=\"wp-block-image size-large\"><img loading=\"lazy\" decoding=\"async\" width=\"1024\" height=\"1024\" data-id=\"3870\" src=\"https:\/\/greencourt.mgcomunicacio.com\/wp-content\/uploads\/2025\/11\/Transformacio-de-pistes-de-Padel-del-Complex-Poliesportiu-Municipal-de-lAmetlla-de-Mar-03-1024x1024.jpg\" alt=\"\" class=\"wp-image-3870\" srcset=\"https:\/\/greencourt.mgcomunicacio.com\/wp-content\/uploads\/2025\/11\/Transformacio-de-pistes-de-Padel-del-Complex-Poliesportiu-Municipal-de-lAmetlla-de-Mar-03-1024x1024.jpg 1024w, https:\/\/greencourt.mgcomunicacio.com\/wp-content\/uploads\/2025\/11\/Transformacio-de-pistes-de-Padel-del-Complex-Poliesportiu-Municipal-de-lAmetlla-de-Mar-03-300x300.jpg 300w, https:\/\/greencourt.mgcomunicacio.com\/wp-content\/uploads\/2025\/11\/Transformacio-de-pistes-de-Padel-del-Complex-Poliesportiu-Municipal-de-lAmetlla-de-Mar-03-100x100.jpg 100w, https:\/\/greencourt.mgcomunicacio.com\/wp-content\/uploads\/2025\/11\/Transformacio-de-pistes-de-Padel-del-Complex-Poliesportiu-Municipal-de-lAmetlla-de-Mar-03-600x600.jpg 600w, https:\/\/greencourt.mgcomunicacio.com\/wp-content\/uploads\/2025\/11\/Transformacio-de-pistes-de-Padel-del-Complex-Poliesportiu-Municipal-de-lAmetlla-de-Mar-03-150x150.jpg 150w, https:\/\/greencourt.mgcomunicacio.com\/wp-content\/uploads\/2025\/11\/Transformacio-de-pistes-de-Padel-del-Complex-Poliesportiu-Municipal-de-lAmetlla-de-Mar-03-768x768.jpg 768w, https:\/\/greencourt.mgcomunicacio.com\/wp-content\/uploads\/2025\/11\/Transformacio-de-pistes-de-Padel-del-Complex-Poliesportiu-Municipal-de-lAmetlla-de-Mar-03-340x340.jpg 340w, https:\/\/greencourt.mgcomunicacio.com\/wp-content\/uploads\/2025\/11\/Transformacio-de-pistes-de-Padel-del-Complex-Poliesportiu-Municipal-de-lAmetlla-de-Mar-03-140x140.jpg 140w, https:\/\/greencourt.mgcomunicacio.com\/wp-content\/uploads\/2025\/11\/Transformacio-de-pistes-de-Padel-del-Complex-Poliesportiu-Municipal-de-lAmetlla-de-Mar-03.jpg 1200w\" sizes=\"auto, (max-width: 1024px) 100vw, 1024px\" \/><\/figure>\n\n<figure class=\"wp-block-image size-large\"><img loading=\"lazy\" decoding=\"async\" width=\"1024\" height=\"1024\" data-id=\"3871\" src=\"https:\/\/greencourt.mgcomunicacio.com\/wp-content\/uploads\/2025\/11\/Transformacio-de-pistes-de-Padel-del-Complex-Poliesportiu-Municipal-de-lAmetlla-de-Mar-02-1024x1024.jpg\" alt=\"\" class=\"wp-image-3871\" srcset=\"https:\/\/greencourt.mgcomunicacio.com\/wp-content\/uploads\/2025\/11\/Transformacio-de-pistes-de-Padel-del-Complex-Poliesportiu-Municipal-de-lAmetlla-de-Mar-02-1024x1024.jpg 1024w, https:\/\/greencourt.mgcomunicacio.com\/wp-content\/uploads\/2025\/11\/Transformacio-de-pistes-de-Padel-del-Complex-Poliesportiu-Municipal-de-lAmetlla-de-Mar-02-300x300.jpg 300w, https:\/\/greencourt.mgcomunicacio.com\/wp-content\/uploads\/2025\/11\/Transformacio-de-pistes-de-Padel-del-Complex-Poliesportiu-Municipal-de-lAmetlla-de-Mar-02-100x100.jpg 100w, https:\/\/greencourt.mgcomunicacio.com\/wp-content\/uploads\/2025\/11\/Transformacio-de-pistes-de-Padel-del-Complex-Poliesportiu-Municipal-de-lAmetlla-de-Mar-02-600x600.jpg 600w, https:\/\/greencourt.mgcomunicacio.com\/wp-content\/uploads\/2025\/11\/Transformacio-de-pistes-de-Padel-del-Complex-Poliesportiu-Municipal-de-lAmetlla-de-Mar-02-150x150.jpg 150w, https:\/\/greencourt.mgcomunicacio.com\/wp-content\/uploads\/2025\/11\/Transformacio-de-pistes-de-Padel-del-Complex-Poliesportiu-Municipal-de-lAmetlla-de-Mar-02-768x768.jpg 768w, https:\/\/greencourt.mgcomunicacio.com\/wp-content\/uploads\/2025\/11\/Transformacio-de-pistes-de-Padel-del-Complex-Poliesportiu-Municipal-de-lAmetlla-de-Mar-02-340x340.jpg 340w, https:\/\/greencourt.mgcomunicacio.com\/wp-content\/uploads\/2025\/11\/Transformacio-de-pistes-de-Padel-del-Complex-Poliesportiu-Municipal-de-lAmetlla-de-Mar-02-140x140.jpg 140w, https:\/\/greencourt.mgcomunicacio.com\/wp-content\/uploads\/2025\/11\/Transformacio-de-pistes-de-Padel-del-Complex-Poliesportiu-Municipal-de-lAmetlla-de-Mar-02.jpg 1200w\" sizes=\"auto, (max-width: 1024px) 100vw, 1024px\" \/><\/figure>\n\n<figure class=\"wp-block-image size-large\"><img loading=\"lazy\" decoding=\"async\" width=\"1024\" height=\"512\" data-id=\"3872\" src=\"https:\/\/greencourt.mgcomunicacio.com\/wp-content\/uploads\/2025\/11\/Transformacio-de-pistes-de-Padel-del-Complex-Poliesportiu-Municipal-de-lAmetlla-de-Mar-01-1024x512.jpg\" alt=\"\" class=\"wp-image-3872\" srcset=\"https:\/\/greencourt.mgcomunicacio.com\/wp-content\/uploads\/2025\/11\/Transformacio-de-pistes-de-Padel-del-Complex-Poliesportiu-Municipal-de-lAmetlla-de-Mar-01-1024x512.jpg 1024w, https:\/\/greencourt.mgcomunicacio.com\/wp-content\/uploads\/2025\/11\/Transformacio-de-pistes-de-Padel-del-Complex-Poliesportiu-Municipal-de-lAmetlla-de-Mar-01-600x300.jpg 600w, https:\/\/greencourt.mgcomunicacio.com\/wp-content\/uploads\/2025\/11\/Transformacio-de-pistes-de-Padel-del-Complex-Poliesportiu-Municipal-de-lAmetlla-de-Mar-01-300x150.jpg 300w, https:\/\/greencourt.mgcomunicacio.com\/wp-content\/uploads\/2025\/11\/Transformacio-de-pistes-de-Padel-del-Complex-Poliesportiu-Municipal-de-lAmetlla-de-Mar-01-768x384.jpg 768w, https:\/\/greencourt.mgcomunicacio.com\/wp-content\/uploads\/2025\/11\/Transformacio-de-pistes-de-Padel-del-Complex-Poliesportiu-Municipal-de-lAmetlla-de-Mar-01-1536x768.jpg 1536w, https:\/\/greencourt.mgcomunicacio.com\/wp-content\/uploads\/2025\/11\/Transformacio-de-pistes-de-Padel-del-Complex-Poliesportiu-Municipal-de-lAmetlla-de-Mar-01-340x170.jpg 340w, https:\/\/greencourt.mgcomunicacio.com\/wp-content\/uploads\/2025\/11\/Transformacio-de-pistes-de-Padel-del-Complex-Poliesportiu-Municipal-de-lAmetlla-de-Mar-01-140x70.jpg 140w, https:\/\/greencourt.mgcomunicacio.com\/wp-content\/uploads\/2025\/11\/Transformacio-de-pistes-de-Padel-del-Complex-Poliesportiu-Municipal-de-lAmetlla-de-Mar-01.jpg 2000w\" sizes=\"auto, (max-width: 1024px) 100vw, 1024px\" \/><\/figure><\/figure><div style=\"height:15vh\" aria-hidden=\"true\" class=\"wp-block-spacer\"><\/div><p><\/p>","protected":false},"excerpt":{"rendered":"","protected":false},"author":1,"featured_media":0,"parent":435,"menu_order":0,"comment_status":"closed","ping_status":"closed","template":"","meta":{"_acf_changed":false,"footnotes":""},"class_list":["post-3864","page","type-page","status-publish","hentry"],"acf":[],"_links":{"self":[{"href":"https:\/\/greencourt.mgcomunicacio.com\/ca\/wp-json\/wp\/v2\/pages\/3864","targetHints":{"allow":["GET"]}}],"collection":[{"href":"https:\/\/greencourt.mgcomunicacio.com\/ca\/wp-json\/wp\/v2\/pages"}],"about":[{"href":"https:\/\/greencourt.mgcomunicacio.com\/ca\/wp-json\/wp\/v2\/types\/page"}],"author":[{"embeddable":true,"href":"https:\/\/greencourt.mgcomunicacio.com\/ca\/wp-json\/wp\/v2\/users\/1"}],"replies":[{"embeddable":true,"href":"https:\/\/greencourt.mgcomunicacio.com\/ca\/wp-json\/wp\/v2\/comments?post=3864"}],"version-history":[{"count":6,"href":"https:\/\/greencourt.mgcomunicacio.com\/ca\/wp-json\/wp\/v2\/pages\/3864\/revisions"}],"predecessor-version":[{"id":4455,"href":"https:\/\/greencourt.mgcomunicacio.com\/ca\/wp-json\/wp\/v2\/pages\/3864\/revisions\/4455"}],"up":[{"embeddable":true,"href":"https:\/\/greencourt.mgcomunicacio.com\/ca\/wp-json\/wp\/v2\/pages\/435"}],"wp:attachment":[{"href":"https:\/\/greencourt.mgcomunicacio.com\/ca\/wp-json\/wp\/v2\/media?parent=3864"}],"curies":[{"name":"wp","href":"https:\/\/api.w.org\/{rel}","templated":true}]}}

Transformació de pistes de Pàdel del Complex Poliesportiu Municipal de l&#8217;Ametlla de Mar

<div class="wp-block-greencourt-cabecera mod-cabecera f1_2"><div class="slider"><div class="wp-block-greencourt-cabecera-interior slide"><div class="maq-contenidor" style="backdrop-filter: blur(0px)"><div class="text"><p class="is-style-com_titular_1 has-blanc-color has-text-color has-link-color wp-elements-c221228d2367f474928f751c67ad1cd4">Ametlla de Mar</p></div></div><div class="image" style="background-image:url(https://greencourt.mgcomunicacio.com/wp-content/uploads/2025/11/Transformacio-de-pistes-de-Padel-del-Complex-Poliesportiu-Municipal-de-lAmetlla-de-Mar-04.jpg)"></div></div></div></div><div class="wp-block-greencourt-marges maq-contenidor normal marge-superior-gran marge-inferior-gran" data-aos="off" data-aos-delay="aos_delay"><h1 class="wp-block-heading is-style-com_titular_2">Transformació de pistes de Pàdel del Complex Poliesportiu Municipal de l&#8217;Ametlla de Mar</h1>

<div style="height:5vh" aria-hidden="true" class="wp-block-spacer"></div>

<p class="is-style-com_titular_4">Al Complex Poliesportiu Municipal de l’Ametlla de Mar, hem executat la instal·lació completa d’un sistema de gespa tècnica d’última generació per a les pistes de pàdel. El projecte ha inclòs el subministrament i instal·lació de gespa EDEL ELITE XT CLUB-12/24 fibril·lada en color blau, col·locada sobre una base de polipropilè drenant estabilitzada amb làtex imputrescible, que garanteix estabilitat, resistència i un comportament òptim fins i tot en usos intensius.</p>

<p></p>

<p class="is-style-com_titular_4">El fil recte prefibril·lat de 12 mm d’alçada proporciona una trepitjada uniforme i una excel·lent recuperació, millorant la qualitat i la durabilitat de la superfície de joc.<br></p></div><div class="wp-block-greencourt-marges maq-contenidor normal marge-superior-petit marge-inferior-petit" data-aos="off" data-aos-delay="aos_delay"><div class="wp-block-greencourt-columnes-responsive mod-columnes-responsive cols-dsk-2 cols-tbl-2 cols-mob-1 gap-petit centra-orfes"><div class="wp-block-greencourt-columna-responsive mod-columna-responsive-wrapper"><div class="mod-columna-responsive valign-superior"><p class="is-style-com_titular_3 has-taronja-greencourt-color has-text-color has-link-color wp-elements-e866b0956ece0682b0a7d79545783383">Nova superfície de gespa tècnica EDEL ELITE XT CLUB-12/24 al Complex Poliesportiu Municipal de l’Ametlla de Mar, amb màxima durabilitat, drenatge i precisió de joc.</p></div></div>

<div class="wp-block-greencourt-columna-responsive mod-columna-responsive-wrapper"><div class="mod-columna-responsive valign-superior"><p class="is-style-com_titular_4">Les pistes s’ha completat amb una col·locació flotant sobre cinta plàstica amb adhesiu bicomponent, el marcatge de línies amb el mateix material en color blanc de 12 cm, i un lastrat amb sorra de sílice arrodonida, rentada i seca, amb granulometria 0,2–0,6 mm i una aportació de 12 kg/m², assegurant una estabilitat òptima i una resposta consistent a tota la superfície.</p>

<p></p>

<p class="is-style-com_titular_4">Un nou pas endavant per oferir instal·lacions esportives fiables, duradores i preparades per al màxim rendiment.</p></div></div></div></div><div style="height:10vh" aria-hidden="true" class="wp-block-spacer"></div><figure class="wp-block-gallery has-nested-images columns-2 is-cropped wp-block-gallery-1 is-layout-flex wp-block-gallery-is-layout-flex"><figure class="wp-block-image size-large"><img loading="lazy" decoding="async" width="1024" height="1024" data-id="3870" src="https://greencourt.mgcomunicacio.com/wp-content/uploads/2025/11/Transformacio-de-pistes-de-Padel-del-Complex-Poliesportiu-Municipal-de-lAmetlla-de-Mar-03-1024x1024.jpg" alt="" class="wp-image-3870" srcset="https://greencourt.mgcomunicacio.com/wp-content/uploads/2025/11/Transformacio-de-pistes-de-Padel-del-Complex-Poliesportiu-Municipal-de-lAmetlla-de-Mar-03-1024x1024.jpg 1024w, https://greencourt.mgcomunicacio.com/wp-content/uploads/2025/11/Transformacio-de-pistes-de-Padel-del-Complex-Poliesportiu-Municipal-de-lAmetlla-de-Mar-03-300x300.jpg 300w, https://greencourt.mgcomunicacio.com/wp-content/uploads/2025/11/Transformacio-de-pistes-de-Padel-del-Complex-Poliesportiu-Municipal-de-lAmetlla-de-Mar-03-100x100.jpg 100w, https://greencourt.mgcomunicacio.com/wp-content/uploads/2025/11/Transformacio-de-pistes-de-Padel-del-Complex-Poliesportiu-Municipal-de-lAmetlla-de-Mar-03-600x600.jpg 600w, https://greencourt.mgcomunicacio.com/wp-content/uploads/2025/11/Transformacio-de-pistes-de-Padel-del-Complex-Poliesportiu-Municipal-de-lAmetlla-de-Mar-03-150x150.jpg 150w, https://greencourt.mgcomunicacio.com/wp-content/uploads/2025/11/Transformacio-de-pistes-de-Padel-del-Complex-Poliesportiu-Municipal-de-lAmetlla-de-Mar-03-768x768.jpg 768w, https://greencourt.mgcomunicacio.com/wp-content/uploads/2025/11/Transformacio-de-pistes-de-Padel-del-Complex-Poliesportiu-Municipal-de-lAmetlla-de-Mar-03-340x340.jpg 340w, https://greencourt.mgcomunicacio.com/wp-content/uploads/2025/11/Transformacio-de-pistes-de-Padel-del-Complex-Poliesportiu-Municipal-de-lAmetlla-de-Mar-03-140x140.jpg 140w, https://greencourt.mgcomunicacio.com/wp-content/uploads/2025/11/Transformacio-de-pistes-de-Padel-del-Complex-Poliesportiu-Municipal-de-lAmetlla-de-Mar-03.jpg 1200w" sizes="auto, (max-width: 1024px) 100vw, 1024px" /></figure>

<figure class="wp-block-image size-large"><img loading="lazy" decoding="async" width="1024" height="1024" data-id="3871" src="https://greencourt.mgcomunicacio.com/wp-content/uploads/2025/11/Transformacio-de-pistes-de-Padel-del-Complex-Poliesportiu-Municipal-de-lAmetlla-de-Mar-02-1024x1024.jpg" alt="" class="wp-image-3871" srcset="https://greencourt.mgcomunicacio.com/wp-content/uploads/2025/11/Transformacio-de-pistes-de-Padel-del-Complex-Poliesportiu-Municipal-de-lAmetlla-de-Mar-02-1024x1024.jpg 1024w, https://greencourt.mgcomunicacio.com/wp-content/uploads/2025/11/Transformacio-de-pistes-de-Padel-del-Complex-Poliesportiu-Municipal-de-lAmetlla-de-Mar-02-300x300.jpg 300w, https://greencourt.mgcomunicacio.com/wp-content/uploads/2025/11/Transformacio-de-pistes-de-Padel-del-Complex-Poliesportiu-Municipal-de-lAmetlla-de-Mar-02-100x100.jpg 100w, https://greencourt.mgcomunicacio.com/wp-content/uploads/2025/11/Transformacio-de-pistes-de-Padel-del-Complex-Poliesportiu-Municipal-de-lAmetlla-de-Mar-02-600x600.jpg 600w, https://greencourt.mgcomunicacio.com/wp-content/uploads/2025/11/Transformacio-de-pistes-de-Padel-del-Complex-Poliesportiu-Municipal-de-lAmetlla-de-Mar-02-150x150.jpg 150w, https://greencourt.mgcomunicacio.com/wp-content/uploads/2025/11/Transformacio-de-pistes-de-Padel-del-Complex-Poliesportiu-Municipal-de-lAmetlla-de-Mar-02-768x768.jpg 768w, https://greencourt.mgcomunicacio.com/wp-content/uploads/2025/11/Transformacio-de-pistes-de-Padel-del-Complex-Poliesportiu-Municipal-de-lAmetlla-de-Mar-02-340x340.jpg 340w, https://greencourt.mgcomunicacio.com/wp-content/uploads/2025/11/Transformacio-de-pistes-de-Padel-del-Complex-Poliesportiu-Municipal-de-lAmetlla-de-Mar-02-140x140.jpg 140w, https://greencourt.mgcomunicacio.com/wp-content/uploads/2025/11/Transformacio-de-pistes-de-Padel-del-Complex-Poliesportiu-Municipal-de-lAmetlla-de-Mar-02.jpg 1200w" sizes="auto, (max-width: 1024px) 100vw, 1024px" /></figure>

<figure class="wp-block-image size-large"><img loading="lazy" decoding="async" width="1024" height="512" data-id="3872" src="https://greencourt.mgcomunicacio.com/wp-content/uploads/2025/11/Transformacio-de-pistes-de-Padel-del-Complex-Poliesportiu-Municipal-de-lAmetlla-de-Mar-01-1024x512.jpg" alt="" class="wp-image-3872" srcset="https://greencourt.mgcomunicacio.com/wp-content/uploads/2025/11/Transformacio-de-pistes-de-Padel-del-Complex-Poliesportiu-Municipal-de-lAmetlla-de-Mar-01-1024x512.jpg 1024w, https://greencourt.mgcomunicacio.com/wp-content/uploads/2025/11/Transformacio-de-pistes-de-Padel-del-Complex-Poliesportiu-Municipal-de-lAmetlla-de-Mar-01-600x300.jpg 600w, https://greencourt.mgcomunicacio.com/wp-content/uploads/2025/11/Transformacio-de-pistes-de-Padel-del-Complex-Poliesportiu-Municipal-de-lAmetlla-de-Mar-01-300x150.jpg 300w, https://greencourt.mgcomunicacio.com/wp-content/uploads/2025/11/Transformacio-de-pistes-de-Padel-del-Complex-Poliesportiu-Municipal-de-lAmetlla-de-Mar-01-768x384.jpg 768w, https://greencourt.mgcomunicacio.com/wp-content/uploads/2025/11/Transformacio-de-pistes-de-Padel-del-Complex-Poliesportiu-Municipal-de-lAmetlla-de-Mar-01-1536x768.jpg 1536w, https://greencourt.mgcomunicacio.com/wp-content/uploads/2025/11/Transformacio-de-pistes-de-Padel-del-Complex-Poliesportiu-Municipal-de-lAmetlla-de-Mar-01-340x170.jpg 340w, https://greencourt.mgcomunicacio.com/wp-content/uploads/2025/11/Transformacio-de-pistes-de-Padel-del-Complex-Poliesportiu-Municipal-de-lAmetlla-de-Mar-01-140x70.jpg 140w, https://greencourt.mgcomunicacio.com/wp-content/uploads/2025/11/Transformacio-de-pistes-de-Padel-del-Complex-Poliesportiu-Municipal-de-lAmetlla-de-Mar-01.jpg 2000w" sizes="auto, (max-width: 1024px) 100vw, 1024px" /></figure></figure><div style="height:15vh" aria-hidden="true" class="wp-block-spacer"></div><p></p>
