{"id":3874,"date":"2025-11-14T17:23:27","date_gmt":"2025-11-14T17:23:27","guid":{"rendered":"https:\/\/greencourt.mgcomunicacio.com\/?page_id=3874"},"modified":"2025-11-25T13:46:53","modified_gmt":"2025-11-25T12:46:53","slug":"casa-espectacular-al-maresme-amb-un-increible-jardi-de-gespa-articial","status":"publish","type":"page","link":"https:\/\/greencourt.mgcomunicacio.com\/ca\/projectes\/casa-espectacular-al-maresme-amb-un-increible-jardi-de-gespa-articial\/","title":{"rendered":"Casa espectacular a Sant Feliu de Codines, amb un increible jard\u00ed de gespa articial"},"content":{"rendered":"<div class=\"wp-block-greencourt-cabecera mod-cabecera f1_2\"><div class=\"slider\"><div class=\"wp-block-greencourt-cabecera-interior slide\"><div class=\"maq-contenidor\" style=\"backdrop-filter: blur(0px)\"><div class=\"text\"><p class=\"has-text-align-center is-style-com_titular_1 has-blanc-color has-text-color has-link-color wp-elements-7a1d1ca388be9d7f3115d45b68b029ae\">Sant Feliu<br>de Codines<\/p><\/div><\/div><div class=\"image\" style=\"background-image:url(https:\/\/greencourt.mgcomunicacio.com\/wp-content\/uploads\/2025\/11\/Casa-amb-jardi-de-gespa-artifical-04.jpg)\"><\/div><\/div><\/div><\/div><div class=\"wp-block-greencourt-marges maq-contenidor normal marge-superior-gran marge-inferior-gran\" data-aos=\"off\" data-aos-delay=\"aos_delay\"><h1 class=\"wp-block-heading is-style-com_titular_2\">Casa espectacular a Sant Feliu de Codines, amb un increible jard\u00ed de gespa articial<\/h1>\n\n<div style=\"height:5vh\" aria-hidden=\"true\" class=\"wp-block-spacer\"><\/div>\n\n<p class=\"is-style-com_titular_4\">A Greencourt no nom\u00e9s constru\u00efm instal\u00b7lacions esportives: tamb\u00e9 transformem els espais on desconnectes, descanses i et cuides. Perqu\u00e8 si no fas esport\u2026 <strong>fas vida<\/strong>, i volem que ho facis en un entorn agradable, c\u00f2mode i dissenyat amb criteri. Els nostres serveis de jardineria i gespa artificial estan pensats perqu\u00e8 casa teva, el jard\u00ed o la segona resid\u00e8ncia llueixin impecables, amb zones verdes de baix manteniment i m\u00e0xim confort.<br><\/p><\/div><div class=\"wp-block-greencourt-marges maq-contenidor normal marge-superior-petit marge-inferior-petit\" data-aos=\"off\" data-aos-delay=\"aos_delay\"><div class=\"wp-block-greencourt-columnes-responsive mod-columnes-responsive cols-dsk-2 cols-tbl-2 cols-mob-1 gap-petit centra-orfes\"><div class=\"wp-block-greencourt-columna-responsive mod-columna-responsive-wrapper\"><div class=\"mod-columna-responsive valign-superior\"><p class=\"is-style-com_titular_3 has-taronja-greencourt-color has-text-color has-link-color wp-elements-fb6c4585b01f767ebd9c2bb9ec1af584\">Cuidem els teus espais personals: jardins, zones de descans i gespa artificial d\u2019alta qualitat per gaudir tot l\u2019any.<\/p><\/div><\/div>\n\n<div class=\"wp-block-greencourt-columna-responsive mod-columna-responsive-wrapper\"><div class=\"mod-columna-responsive valign-superior\"><p class=\"is-style-com_titular_4\">Creem jardins a mida, instal\u00b7lem gespa d\u2019\u00faltima generaci\u00f3 i cuidem cada detall perqu\u00e8 gaudeixis d\u2019un espai natural, fresc i durador durant tot l\u2019any. Relaxa\u2019t, pren el sol, juga amb els teus fills o mascotes i descansa en un jard\u00ed que sempre est\u00e0 a punt. <strong>A Greencourt, tamb\u00e9 constru\u00efm el teu lloc preferit per desconnectar.<\/strong><\/p><\/div><\/div><\/div><\/div><div style=\"height:10vh\" aria-hidden=\"true\" class=\"wp-block-spacer\"><\/div><figure class=\"wp-block-gallery has-nested-images columns-2 is-cropped wp-block-gallery-1 is-layout-flex wp-block-gallery-is-layout-flex\"><figure class=\"wp-block-image size-large\"><img loading=\"lazy\" decoding=\"async\" width=\"1024\" height=\"1024\" data-id=\"3879\" src=\"https:\/\/greencourt.mgcomunicacio.com\/wp-content\/uploads\/2025\/11\/Casa-amb-jardi-de-gespa-artifical-01-1024x1024.jpg\" alt=\"\" class=\"wp-image-3879\" srcset=\"https:\/\/greencourt.mgcomunicacio.com\/wp-content\/uploads\/2025\/11\/Casa-amb-jardi-de-gespa-artifical-01-1024x1024.jpg 1024w, https:\/\/greencourt.mgcomunicacio.com\/wp-content\/uploads\/2025\/11\/Casa-amb-jardi-de-gespa-artifical-01-300x300.jpg 300w, https:\/\/greencourt.mgcomunicacio.com\/wp-content\/uploads\/2025\/11\/Casa-amb-jardi-de-gespa-artifical-01-100x100.jpg 100w, https:\/\/greencourt.mgcomunicacio.com\/wp-content\/uploads\/2025\/11\/Casa-amb-jardi-de-gespa-artifical-01-600x600.jpg 600w, https:\/\/greencourt.mgcomunicacio.com\/wp-content\/uploads\/2025\/11\/Casa-amb-jardi-de-gespa-artifical-01-150x150.jpg 150w, https:\/\/greencourt.mgcomunicacio.com\/wp-content\/uploads\/2025\/11\/Casa-amb-jardi-de-gespa-artifical-01-768x768.jpg 768w, https:\/\/greencourt.mgcomunicacio.com\/wp-content\/uploads\/2025\/11\/Casa-amb-jardi-de-gespa-artifical-01-340x340.jpg 340w, https:\/\/greencourt.mgcomunicacio.com\/wp-content\/uploads\/2025\/11\/Casa-amb-jardi-de-gespa-artifical-01-140x140.jpg 140w, https:\/\/greencourt.mgcomunicacio.com\/wp-content\/uploads\/2025\/11\/Casa-amb-jardi-de-gespa-artifical-01.jpg 1080w\" sizes=\"auto, (max-width: 1024px) 100vw, 1024px\" \/><\/figure>\n\n<figure class=\"wp-block-image size-large\"><img loading=\"lazy\" decoding=\"async\" width=\"1024\" height=\"1024\" data-id=\"3877\" src=\"https:\/\/greencourt.mgcomunicacio.com\/wp-content\/uploads\/2025\/11\/Casa-amb-jardi-de-gespa-artifical-03-1024x1024.jpg\" alt=\"\" class=\"wp-image-3877\" srcset=\"https:\/\/greencourt.mgcomunicacio.com\/wp-content\/uploads\/2025\/11\/Casa-amb-jardi-de-gespa-artifical-03-1024x1024.jpg 1024w, https:\/\/greencourt.mgcomunicacio.com\/wp-content\/uploads\/2025\/11\/Casa-amb-jardi-de-gespa-artifical-03-300x300.jpg 300w, https:\/\/greencourt.mgcomunicacio.com\/wp-content\/uploads\/2025\/11\/Casa-amb-jardi-de-gespa-artifical-03-100x100.jpg 100w, https:\/\/greencourt.mgcomunicacio.com\/wp-content\/uploads\/2025\/11\/Casa-amb-jardi-de-gespa-artifical-03-600x600.jpg 600w, https:\/\/greencourt.mgcomunicacio.com\/wp-content\/uploads\/2025\/11\/Casa-amb-jardi-de-gespa-artifical-03-150x150.jpg 150w, https:\/\/greencourt.mgcomunicacio.com\/wp-content\/uploads\/2025\/11\/Casa-amb-jardi-de-gespa-artifical-03-768x768.jpg 768w, https:\/\/greencourt.mgcomunicacio.com\/wp-content\/uploads\/2025\/11\/Casa-amb-jardi-de-gespa-artifical-03-340x340.jpg 340w, https:\/\/greencourt.mgcomunicacio.com\/wp-content\/uploads\/2025\/11\/Casa-amb-jardi-de-gespa-artifical-03-140x140.jpg 140w, https:\/\/greencourt.mgcomunicacio.com\/wp-content\/uploads\/2025\/11\/Casa-amb-jardi-de-gespa-artifical-03.jpg 1080w\" sizes=\"auto, (max-width: 1024px) 100vw, 1024px\" \/><\/figure>\n\n<figure class=\"wp-block-image size-large\"><img loading=\"lazy\" decoding=\"async\" width=\"1024\" height=\"1024\" data-id=\"3875\" src=\"https:\/\/greencourt.mgcomunicacio.com\/wp-content\/uploads\/2025\/11\/Casa-amb-jardi-de-gespa-artifical-05-1024x1024.jpg\" alt=\"\" class=\"wp-image-3875\" srcset=\"https:\/\/greencourt.mgcomunicacio.com\/wp-content\/uploads\/2025\/11\/Casa-amb-jardi-de-gespa-artifical-05-1024x1024.jpg 1024w, https:\/\/greencourt.mgcomunicacio.com\/wp-content\/uploads\/2025\/11\/Casa-amb-jardi-de-gespa-artifical-05-300x300.jpg 300w, https:\/\/greencourt.mgcomunicacio.com\/wp-content\/uploads\/2025\/11\/Casa-amb-jardi-de-gespa-artifical-05-100x100.jpg 100w, https:\/\/greencourt.mgcomunicacio.com\/wp-content\/uploads\/2025\/11\/Casa-amb-jardi-de-gespa-artifical-05-600x600.jpg 600w, https:\/\/greencourt.mgcomunicacio.com\/wp-content\/uploads\/2025\/11\/Casa-amb-jardi-de-gespa-artifical-05-150x150.jpg 150w, https:\/\/greencourt.mgcomunicacio.com\/wp-content\/uploads\/2025\/11\/Casa-amb-jardi-de-gespa-artifical-05-768x768.jpg 768w, https:\/\/greencourt.mgcomunicacio.com\/wp-content\/uploads\/2025\/11\/Casa-amb-jardi-de-gespa-artifical-05-340x340.jpg 340w, https:\/\/greencourt.mgcomunicacio.com\/wp-content\/uploads\/2025\/11\/Casa-amb-jardi-de-gespa-artifical-05-140x140.jpg 140w, https:\/\/greencourt.mgcomunicacio.com\/wp-content\/uploads\/2025\/11\/Casa-amb-jardi-de-gespa-artifical-05.jpg 1080w\" sizes=\"auto, (max-width: 1024px) 100vw, 1024px\" \/><\/figure>\n\n<figure class=\"wp-block-image size-large\"><img loading=\"lazy\" decoding=\"async\" width=\"1024\" height=\"1024\" data-id=\"3878\" src=\"https:\/\/greencourt.mgcomunicacio.com\/wp-content\/uploads\/2025\/11\/Casa-amb-jardi-de-gespa-artifical-0-1024x1024.jpg\" alt=\"\" class=\"wp-image-3878\" srcset=\"https:\/\/greencourt.mgcomunicacio.com\/wp-content\/uploads\/2025\/11\/Casa-amb-jardi-de-gespa-artifical-0-1024x1024.jpg 1024w, https:\/\/greencourt.mgcomunicacio.com\/wp-content\/uploads\/2025\/11\/Casa-amb-jardi-de-gespa-artifical-0-300x300.jpg 300w, https:\/\/greencourt.mgcomunicacio.com\/wp-content\/uploads\/2025\/11\/Casa-amb-jardi-de-gespa-artifical-0-100x100.jpg 100w, https:\/\/greencourt.mgcomunicacio.com\/wp-content\/uploads\/2025\/11\/Casa-amb-jardi-de-gespa-artifical-0-600x600.jpg 600w, https:\/\/greencourt.mgcomunicacio.com\/wp-content\/uploads\/2025\/11\/Casa-amb-jardi-de-gespa-artifical-0-150x150.jpg 150w, https:\/\/greencourt.mgcomunicacio.com\/wp-content\/uploads\/2025\/11\/Casa-amb-jardi-de-gespa-artifical-0-768x768.jpg 768w, https:\/\/greencourt.mgcomunicacio.com\/wp-content\/uploads\/2025\/11\/Casa-amb-jardi-de-gespa-artifical-0-340x340.jpg 340w, https:\/\/greencourt.mgcomunicacio.com\/wp-content\/uploads\/2025\/11\/Casa-amb-jardi-de-gespa-artifical-0-140x140.jpg 140w, https:\/\/greencourt.mgcomunicacio.com\/wp-content\/uploads\/2025\/11\/Casa-amb-jardi-de-gespa-artifical-0.jpg 1080w\" sizes=\"auto, (max-width: 1024px) 100vw, 1024px\" \/><\/figure><\/figure><div style=\"height:15vh\" aria-hidden=\"true\" class=\"wp-block-spacer\"><\/div><p><\/p>","protected":false},"excerpt":{"rendered":"","protected":false},"author":1,"featured_media":0,"parent":435,"menu_order":0,"comment_status":"closed","ping_status":"closed","template":"","meta":{"_acf_changed":false,"footnotes":""},"class_list":["post-3874","page","type-page","status-publish","hentry"],"acf":[],"_links":{"self":[{"href":"https:\/\/greencourt.mgcomunicacio.com\/ca\/wp-json\/wp\/v2\/pages\/3874","targetHints":{"allow":["GET"]}}],"collection":[{"href":"https:\/\/greencourt.mgcomunicacio.com\/ca\/wp-json\/wp\/v2\/pages"}],"about":[{"href":"https:\/\/greencourt.mgcomunicacio.com\/ca\/wp-json\/wp\/v2\/types\/page"}],"author":[{"embeddable":true,"href":"https:\/\/greencourt.mgcomunicacio.com\/ca\/wp-json\/wp\/v2\/users\/1"}],"replies":[{"embeddable":true,"href":"https:\/\/greencourt.mgcomunicacio.com\/ca\/wp-json\/wp\/v2\/comments?post=3874"}],"version-history":[{"count":6,"href":"https:\/\/greencourt.mgcomunicacio.com\/ca\/wp-json\/wp\/v2\/pages\/3874\/revisions"}],"predecessor-version":[{"id":4434,"href":"https:\/\/greencourt.mgcomunicacio.com\/ca\/wp-json\/wp\/v2\/pages\/3874\/revisions\/4434"}],"up":[{"embeddable":true,"href":"https:\/\/greencourt.mgcomunicacio.com\/ca\/wp-json\/wp\/v2\/pages\/435"}],"wp:attachment":[{"href":"https:\/\/greencourt.mgcomunicacio.com\/ca\/wp-json\/wp\/v2\/media?parent=3874"}],"curies":[{"name":"wp","href":"https:\/\/api.w.org\/{rel}","templated":true}]}}

Casa espectacular a Sant Feliu de Codines, amb un increible jardí de gespa articial

<div class="wp-block-greencourt-cabecera mod-cabecera f1_2"><div class="slider"><div class="wp-block-greencourt-cabecera-interior slide"><div class="maq-contenidor" style="backdrop-filter: blur(0px)"><div class="text"><p class="has-text-align-center is-style-com_titular_1 has-blanc-color has-text-color has-link-color wp-elements-7a1d1ca388be9d7f3115d45b68b029ae">Sant Feliu<br>de Codines</p></div></div><div class="image" style="background-image:url(https://greencourt.mgcomunicacio.com/wp-content/uploads/2025/11/Casa-amb-jardi-de-gespa-artifical-04.jpg)"></div></div></div></div><div class="wp-block-greencourt-marges maq-contenidor normal marge-superior-gran marge-inferior-gran" data-aos="off" data-aos-delay="aos_delay"><h1 class="wp-block-heading is-style-com_titular_2">Casa espectacular a Sant Feliu de Codines, amb un increible jardí de gespa articial</h1>

<div style="height:5vh" aria-hidden="true" class="wp-block-spacer"></div>

<p class="is-style-com_titular_4">A Greencourt no només construïm instal·lacions esportives: també transformem els espais on desconnectes, descanses i et cuides. Perquè si no fas esport… <strong>fas vida</strong>, i volem que ho facis en un entorn agradable, còmode i dissenyat amb criteri. Els nostres serveis de jardineria i gespa artificial estan pensats perquè casa teva, el jardí o la segona residència llueixin impecables, amb zones verdes de baix manteniment i màxim confort.<br></p></div><div class="wp-block-greencourt-marges maq-contenidor normal marge-superior-petit marge-inferior-petit" data-aos="off" data-aos-delay="aos_delay"><div class="wp-block-greencourt-columnes-responsive mod-columnes-responsive cols-dsk-2 cols-tbl-2 cols-mob-1 gap-petit centra-orfes"><div class="wp-block-greencourt-columna-responsive mod-columna-responsive-wrapper"><div class="mod-columna-responsive valign-superior"><p class="is-style-com_titular_3 has-taronja-greencourt-color has-text-color has-link-color wp-elements-fb6c4585b01f767ebd9c2bb9ec1af584">Cuidem els teus espais personals: jardins, zones de descans i gespa artificial d’alta qualitat per gaudir tot l’any.</p></div></div>

<div class="wp-block-greencourt-columna-responsive mod-columna-responsive-wrapper"><div class="mod-columna-responsive valign-superior"><p class="is-style-com_titular_4">Creem jardins a mida, instal·lem gespa d’última generació i cuidem cada detall perquè gaudeixis d’un espai natural, fresc i durador durant tot l’any. Relaxa’t, pren el sol, juga amb els teus fills o mascotes i descansa en un jardí que sempre està a punt. <strong>A Greencourt, també construïm el teu lloc preferit per desconnectar.</strong></p></div></div></div></div><div style="height:10vh" aria-hidden="true" class="wp-block-spacer"></div><figure class="wp-block-gallery has-nested-images columns-2 is-cropped wp-block-gallery-1 is-layout-flex wp-block-gallery-is-layout-flex"><figure class="wp-block-image size-large"><img loading="lazy" decoding="async" width="1024" height="1024" data-id="3879" src="https://greencourt.mgcomunicacio.com/wp-content/uploads/2025/11/Casa-amb-jardi-de-gespa-artifical-01-1024x1024.jpg" alt="" class="wp-image-3879" srcset="https://greencourt.mgcomunicacio.com/wp-content/uploads/2025/11/Casa-amb-jardi-de-gespa-artifical-01-1024x1024.jpg 1024w, https://greencourt.mgcomunicacio.com/wp-content/uploads/2025/11/Casa-amb-jardi-de-gespa-artifical-01-300x300.jpg 300w, https://greencourt.mgcomunicacio.com/wp-content/uploads/2025/11/Casa-amb-jardi-de-gespa-artifical-01-100x100.jpg 100w, https://greencourt.mgcomunicacio.com/wp-content/uploads/2025/11/Casa-amb-jardi-de-gespa-artifical-01-600x600.jpg 600w, https://greencourt.mgcomunicacio.com/wp-content/uploads/2025/11/Casa-amb-jardi-de-gespa-artifical-01-150x150.jpg 150w, https://greencourt.mgcomunicacio.com/wp-content/uploads/2025/11/Casa-amb-jardi-de-gespa-artifical-01-768x768.jpg 768w, https://greencourt.mgcomunicacio.com/wp-content/uploads/2025/11/Casa-amb-jardi-de-gespa-artifical-01-340x340.jpg 340w, https://greencourt.mgcomunicacio.com/wp-content/uploads/2025/11/Casa-amb-jardi-de-gespa-artifical-01-140x140.jpg 140w, https://greencourt.mgcomunicacio.com/wp-content/uploads/2025/11/Casa-amb-jardi-de-gespa-artifical-01.jpg 1080w" sizes="auto, (max-width: 1024px) 100vw, 1024px" /></figure>

<figure class="wp-block-image size-large"><img loading="lazy" decoding="async" width="1024" height="1024" data-id="3877" src="https://greencourt.mgcomunicacio.com/wp-content/uploads/2025/11/Casa-amb-jardi-de-gespa-artifical-03-1024x1024.jpg" alt="" class="wp-image-3877" srcset="https://greencourt.mgcomunicacio.com/wp-content/uploads/2025/11/Casa-amb-jardi-de-gespa-artifical-03-1024x1024.jpg 1024w, https://greencourt.mgcomunicacio.com/wp-content/uploads/2025/11/Casa-amb-jardi-de-gespa-artifical-03-300x300.jpg 300w, https://greencourt.mgcomunicacio.com/wp-content/uploads/2025/11/Casa-amb-jardi-de-gespa-artifical-03-100x100.jpg 100w, https://greencourt.mgcomunicacio.com/wp-content/uploads/2025/11/Casa-amb-jardi-de-gespa-artifical-03-600x600.jpg 600w, https://greencourt.mgcomunicacio.com/wp-content/uploads/2025/11/Casa-amb-jardi-de-gespa-artifical-03-150x150.jpg 150w, https://greencourt.mgcomunicacio.com/wp-content/uploads/2025/11/Casa-amb-jardi-de-gespa-artifical-03-768x768.jpg 768w, https://greencourt.mgcomunicacio.com/wp-content/uploads/2025/11/Casa-amb-jardi-de-gespa-artifical-03-340x340.jpg 340w, https://greencourt.mgcomunicacio.com/wp-content/uploads/2025/11/Casa-amb-jardi-de-gespa-artifical-03-140x140.jpg 140w, https://greencourt.mgcomunicacio.com/wp-content/uploads/2025/11/Casa-amb-jardi-de-gespa-artifical-03.jpg 1080w" sizes="auto, (max-width: 1024px) 100vw, 1024px" /></figure>

<figure class="wp-block-image size-large"><img loading="lazy" decoding="async" width="1024" height="1024" data-id="3875" src="https://greencourt.mgcomunicacio.com/wp-content/uploads/2025/11/Casa-amb-jardi-de-gespa-artifical-05-1024x1024.jpg" alt="" class="wp-image-3875" srcset="https://greencourt.mgcomunicacio.com/wp-content/uploads/2025/11/Casa-amb-jardi-de-gespa-artifical-05-1024x1024.jpg 1024w, https://greencourt.mgcomunicacio.com/wp-content/uploads/2025/11/Casa-amb-jardi-de-gespa-artifical-05-300x300.jpg 300w, https://greencourt.mgcomunicacio.com/wp-content/uploads/2025/11/Casa-amb-jardi-de-gespa-artifical-05-100x100.jpg 100w, https://greencourt.mgcomunicacio.com/wp-content/uploads/2025/11/Casa-amb-jardi-de-gespa-artifical-05-600x600.jpg 600w, https://greencourt.mgcomunicacio.com/wp-content/uploads/2025/11/Casa-amb-jardi-de-gespa-artifical-05-150x150.jpg 150w, https://greencourt.mgcomunicacio.com/wp-content/uploads/2025/11/Casa-amb-jardi-de-gespa-artifical-05-768x768.jpg 768w, https://greencourt.mgcomunicacio.com/wp-content/uploads/2025/11/Casa-amb-jardi-de-gespa-artifical-05-340x340.jpg 340w, https://greencourt.mgcomunicacio.com/wp-content/uploads/2025/11/Casa-amb-jardi-de-gespa-artifical-05-140x140.jpg 140w, https://greencourt.mgcomunicacio.com/wp-content/uploads/2025/11/Casa-amb-jardi-de-gespa-artifical-05.jpg 1080w" sizes="auto, (max-width: 1024px) 100vw, 1024px" /></figure>

<figure class="wp-block-image size-large"><img loading="lazy" decoding="async" width="1024" height="1024" data-id="3878" src="https://greencourt.mgcomunicacio.com/wp-content/uploads/2025/11/Casa-amb-jardi-de-gespa-artifical-0-1024x1024.jpg" alt="" class="wp-image-3878" srcset="https://greencourt.mgcomunicacio.com/wp-content/uploads/2025/11/Casa-amb-jardi-de-gespa-artifical-0-1024x1024.jpg 1024w, https://greencourt.mgcomunicacio.com/wp-content/uploads/2025/11/Casa-amb-jardi-de-gespa-artifical-0-300x300.jpg 300w, https://greencourt.mgcomunicacio.com/wp-content/uploads/2025/11/Casa-amb-jardi-de-gespa-artifical-0-100x100.jpg 100w, https://greencourt.mgcomunicacio.com/wp-content/uploads/2025/11/Casa-amb-jardi-de-gespa-artifical-0-600x600.jpg 600w, https://greencourt.mgcomunicacio.com/wp-content/uploads/2025/11/Casa-amb-jardi-de-gespa-artifical-0-150x150.jpg 150w, https://greencourt.mgcomunicacio.com/wp-content/uploads/2025/11/Casa-amb-jardi-de-gespa-artifical-0-768x768.jpg 768w, https://greencourt.mgcomunicacio.com/wp-content/uploads/2025/11/Casa-amb-jardi-de-gespa-artifical-0-340x340.jpg 340w, https://greencourt.mgcomunicacio.com/wp-content/uploads/2025/11/Casa-amb-jardi-de-gespa-artifical-0-140x140.jpg 140w, https://greencourt.mgcomunicacio.com/wp-content/uploads/2025/11/Casa-amb-jardi-de-gespa-artifical-0.jpg 1080w" sizes="auto, (max-width: 1024px) 100vw, 1024px" /></figure></figure><div style="height:15vh" aria-hidden="true" class="wp-block-spacer"></div><p></p>
