{"id":393,"date":"2025-05-22T08:03:24","date_gmt":"2025-05-22T08:03:24","guid":{"rendered":"https:\/\/greencourt.mgcomunicacio.com\/?page_id=393"},"modified":"2025-11-26T06:42:50","modified_gmt":"2025-11-26T05:42:50","slug":"mobiliari-urba","status":"publish","type":"page","link":"https:\/\/greencourt.mgcomunicacio.com\/ca\/solucions\/urban\/mobiliari-urba\/","title":{"rendered":"Mobiliari urb\u00e0"},"content":{"rendered":"<div class=\"wp-block-greencourt-cabecera mod-cabecera f1_2\"><div class=\"slider\"><div class=\"wp-block-greencourt-cabecera-interior slide\"><div class=\"maq-contenidor\" style=\"backdrop-filter: blur(0px)\"><div class=\"text\"><p class=\"has-text-align-center is-style-com_titular_1 has-blanc-color has-text-color has-link-color wp-elements-36a00b6a2fb5d2597a5a21a6c5660841\">Espais per trobar-se<br>i viure-hi<\/p><\/div><\/div><div class=\"image\" style=\"background-image:url(https:\/\/greencourt.mgcomunicacio.com\/wp-content\/uploads\/2025\/11\/Mobiliario-urbano-para-pistas-deportivas-y-jardines-05.jpg)\"><\/div><\/div><\/div><\/div><div class=\"wp-block-greencourt-marges maq-contenidor normal marge-superior-gran marge-inferior-gran\" data-aos=\"off\" data-aos-delay=\"aos_delay\"><h1 class=\"wp-block-heading is-style-com_titular_2\">Mobiliari urb\u00e0: espais per seure, trobar-se i viure-hi<\/h1>\n\n<div style=\"height:5vh\" aria-hidden=\"true\" class=\"wp-block-spacer\"><\/div>\n\n<p class=\"is-style-com_titular_4\">A Greencourt ens especialitzem en la subministraci\u00f3 i instal\u00b7laci\u00f3 de mobiliari urb\u00e0 pensat per millorar el dia a dia de les persones i posar en valor l\u2019espai p\u00fablic. Planifiquem cada actuaci\u00f3 segons els fluxos de pas, els usos reals i el context arquitect\u00f2nic, prioritzant la durabilitat, la seguretat i un manteniment senzill. Treballem amb bancs, papereres, jardineres, baranes, pilones, p\u00e8rgoles o aparca-bicicletes, sempre amb una execuci\u00f3 acurada i una implantaci\u00f3 ordenada.<\/p>\n\n<p><\/p>\n\n<p class=\"is-style-com_titular_4\">Disposem de models fabricats amb materials resistents i solucions antivand\u00e0liques, amb acabats de qualitat i sistemes de fixaci\u00f3 robustos. Tamb\u00e9 oferim la integraci\u00f3 d\u2019il\u00b7luminaci\u00f3 eficient, senyal\u00e8tica i elements d\u2019ombra o protecci\u00f3 clim\u00e0tica, creant espais confortables, accessibles i coherents amb la identitat de cada poble o ciutat.<\/p><\/div><div style=\"height:10vh\" aria-hidden=\"true\" class=\"wp-block-spacer\"><\/div><div class=\"wp-block-greencourt-marges maq-contenidor fullwidth marge-superior-petit marge-inferior-\" data-aos=\"off\" data-aos-delay=\"aos_delay\"><figure class=\"wp-block-image size-full\"><img loading=\"lazy\" decoding=\"async\" width=\"2000\" height=\"1429\" src=\"https:\/\/greencourt.mgcomunicacio.com\/wp-content\/uploads\/2025\/11\/Mobiliario-urbano-para-pistas-deportivas-y-jardines-07.jpg\" alt=\"\" class=\"wp-image-4017\" srcset=\"https:\/\/greencourt.mgcomunicacio.com\/wp-content\/uploads\/2025\/11\/Mobiliario-urbano-para-pistas-deportivas-y-jardines-07.jpg 2000w, https:\/\/greencourt.mgcomunicacio.com\/wp-content\/uploads\/2025\/11\/Mobiliario-urbano-para-pistas-deportivas-y-jardines-07-600x429.jpg 600w, https:\/\/greencourt.mgcomunicacio.com\/wp-content\/uploads\/2025\/11\/Mobiliario-urbano-para-pistas-deportivas-y-jardines-07-300x214.jpg 300w, https:\/\/greencourt.mgcomunicacio.com\/wp-content\/uploads\/2025\/11\/Mobiliario-urbano-para-pistas-deportivas-y-jardines-07-1024x732.jpg 1024w, https:\/\/greencourt.mgcomunicacio.com\/wp-content\/uploads\/2025\/11\/Mobiliario-urbano-para-pistas-deportivas-y-jardines-07-768x549.jpg 768w, https:\/\/greencourt.mgcomunicacio.com\/wp-content\/uploads\/2025\/11\/Mobiliario-urbano-para-pistas-deportivas-y-jardines-07-1536x1097.jpg 1536w, https:\/\/greencourt.mgcomunicacio.com\/wp-content\/uploads\/2025\/11\/Mobiliario-urbano-para-pistas-deportivas-y-jardines-07-340x243.jpg 340w, https:\/\/greencourt.mgcomunicacio.com\/wp-content\/uploads\/2025\/11\/Mobiliario-urbano-para-pistas-deportivas-y-jardines-07-140x100.jpg 140w\" sizes=\"auto, (max-width: 2000px) 100vw, 2000px\" \/><\/figure><\/div><div style=\"height:10vh\" aria-hidden=\"true\" class=\"wp-block-spacer\"><\/div><div class=\"wp-block-greencourt-marges maq-contenidor normal marge-superior-petit marge-inferior-\" data-aos=\"off\" data-aos-delay=\"aos_delay\"><h2 class=\"wp-block-heading is-style-com_titular_2\">Caracter\u00edstiques del mobiliari urb\u00e0 Greencourt<\/h2><\/div><div style=\"height:10vh\" aria-hidden=\"true\" class=\"wp-block-spacer\"><\/div><div class=\"wp-block-greencourt-ajedrez mod-escacs align-superior marge-superior- marge-inferior-\"><div class=\"wp-block-greencourt-ajedrez-interior interior maq_cols_flex cols_2\"><div class=\"col text\"><div class=\"text-wrapper\"><h3 class=\"wp-block-heading is-style-com_titular_2 has-taronja-greencourt-color has-text-color has-link-color wp-elements-0eebeb5c943a42d41b22e94a36e66b17\">Bancs i zones d\u2019estada<\/h3>\n\n<p><\/p>\n\n<p class=\"is-style-com_titular_4 has-gris-greencourt-color has-text-color has-link-color wp-elements-3aad4777deb289773792ecead0486fbc\">Oferim bancs i banquetes per a parcs, places i passejos, amb diferents formats i materials per adaptar-se a cada projecte. Instal\u00b7lem solucions pensades per a l\u2019\u00fas intensiu, c\u00f2modes i resistents a la intemp\u00e8rie, que conviden a seure, descansar i socialitzar a l\u2019espai p\u00fablic.<\/p><\/div><\/div><div class=\"col img\"><div class=\"img-container\" style=\"background-image:url(https:\/\/greencourt.mgcomunicacio.com\/wp-content\/uploads\/2025\/11\/Mobiliario-urbano-para-pistas-deportivas-y-jardines-04.jpg)\"><\/div><\/div><\/div>\n\n<div class=\"wp-block-greencourt-ajedrez-interior interior maq_cols_flex cols_2\"><div class=\"col text\"><div class=\"text-wrapper\"><h3 class=\"wp-block-heading is-style-com_titular_2 has-taronja-greencourt-color has-text-color has-link-color wp-elements-7df0fabdebf3e9def40ccf29a1ee2b9d\">Papereres i gesti\u00f3 de residus<\/h3>\n\n<p><\/p>\n\n<p class=\"is-style-com_titular_4 has-gris-greencourt-color has-text-color has-link-color wp-elements-08043a1b9586f39345dac53255fe6f1b\">Instal\u00b7lem papereres urbanes met\u00e0l\u00b7liques, de formig\u00f3 o altres materials duradors, adaptades a l\u2019\u00fas diari i al context de cada carrer o parc. L\u2019objectiu \u00e9s facilitar la neteja i el correcte reciclatge, amb models f\u00e0cils de buidar i mantenir, que contribueixen a mantenir l\u2019espai p\u00fablic ordenat.<\/p><\/div><\/div><div class=\"col img\"><div class=\"img-container\" style=\"background-image:url(https:\/\/greencourt.mgcomunicacio.com\/wp-content\/uploads\/2025\/11\/Mobiliario-urbano-para-pistas-deportivas-y-jardines-01.jpg)\"><\/div><\/div><\/div>\n\n<div class=\"wp-block-greencourt-ajedrez-interior interior maq_cols_flex cols_2\"><div class=\"col text\"><div class=\"text-wrapper\"><h3 class=\"wp-block-heading is-style-com_titular_2 has-taronja-greencourt-color has-text-color has-link-color wp-elements-5c1dca3171be0bc9a332acb4804293eb\">Jardineres i elements verds<\/h3>\n\n<p><\/p>\n\n<p class=\"is-style-com_titular_4 has-gris-greencourt-color has-text-color has-link-color wp-elements-75632e6710e3cb8eae44bb29bf1fb70d\">Disposem de jardineres decoratives de diferents formats i capacitats, que permeten incorporar verd urb\u00e0 all\u00e0 on no \u00e9s possible plantar directament al terra. S\u00f3n una eina \u00fatil per delimitar espais, guiar recorreguts i afegir color i textura, millorant la percepci\u00f3 de l\u2019entorn amb un manteniment controlat.<\/p><\/div><\/div><div class=\"col img\"><div class=\"img-container\" style=\"background-image:url(https:\/\/greencourt.mgcomunicacio.com\/wp-content\/uploads\/2025\/11\/Mobiliario-urbano-para-pistas-deportivas-y-jardines-03.jpg)\"><\/div><\/div><\/div>\n\n<div class=\"wp-block-greencourt-ajedrez-interior interior maq_cols_flex cols_2\"><div class=\"col text\"><div class=\"text-wrapper\"><h3 class=\"wp-block-heading is-style-com_titular_2 has-taronja-greencourt-color has-text-color has-link-color wp-elements-d012a05e64b7b56bae5dcabde4965f0e\">Fonts i altres elements urbans<\/h3>\n\n<p><\/p>\n\n<p class=\"is-style-com_titular_4 has-gris-greencourt-color has-text-color has-link-color wp-elements-c570fdc123f414d5a4c67b48bf142442\">Oferim la instal\u00b7laci\u00f3 de fonts bevedores, pilones, aparcabicicletes i altres elements de mobiliari que ordenen i estructuren l\u2019espai p\u00fablic. S\u00f3n solucions robustes i funcionals, pensades per facilitar la conviv\u00e8ncia entre vianants, bicicletes i vehicles, i per fer l\u2019espai m\u00e9s amable i practicable per a tothom.<\/p><\/div><\/div><div class=\"col img\"><div class=\"img-container\" style=\"background-image:url(https:\/\/greencourt.mgcomunicacio.com\/wp-content\/uploads\/2025\/11\/Mobiliario-urbano-para-pistas-deportivas-y-jardines-02.jpg)\"><\/div><\/div><\/div><\/div><p><\/p>","protected":false},"excerpt":{"rendered":"","protected":false},"author":1,"featured_media":0,"parent":382,"menu_order":0,"comment_status":"closed","ping_status":"closed","template":"","meta":{"_acf_changed":false,"footnotes":""},"class_list":["post-393","page","type-page","status-publish","hentry"],"acf":[],"_links":{"self":[{"href":"https:\/\/greencourt.mgcomunicacio.com\/ca\/wp-json\/wp\/v2\/pages\/393","targetHints":{"allow":["GET"]}}],"collection":[{"href":"https:\/\/greencourt.mgcomunicacio.com\/ca\/wp-json\/wp\/v2\/pages"}],"about":[{"href":"https:\/\/greencourt.mgcomunicacio.com\/ca\/wp-json\/wp\/v2\/types\/page"}],"author":[{"embeddable":true,"href":"https:\/\/greencourt.mgcomunicacio.com\/ca\/wp-json\/wp\/v2\/users\/1"}],"replies":[{"embeddable":true,"href":"https:\/\/greencourt.mgcomunicacio.com\/ca\/wp-json\/wp\/v2\/comments?post=393"}],"version-history":[{"count":19,"href":"https:\/\/greencourt.mgcomunicacio.com\/ca\/wp-json\/wp\/v2\/pages\/393\/revisions"}],"predecessor-version":[{"id":4514,"href":"https:\/\/greencourt.mgcomunicacio.com\/ca\/wp-json\/wp\/v2\/pages\/393\/revisions\/4514"}],"up":[{"embeddable":true,"href":"https:\/\/greencourt.mgcomunicacio.com\/ca\/wp-json\/wp\/v2\/pages\/382"}],"wp:attachment":[{"href":"https:\/\/greencourt.mgcomunicacio.com\/ca\/wp-json\/wp\/v2\/media?parent=393"}],"curies":[{"name":"wp","href":"https:\/\/api.w.org\/{rel}","templated":true}]}}

Mobiliari urbà

<div class="wp-block-greencourt-cabecera mod-cabecera f1_2"><div class="slider"><div class="wp-block-greencourt-cabecera-interior slide"><div class="maq-contenidor" style="backdrop-filter: blur(0px)"><div class="text"><p class="has-text-align-center is-style-com_titular_1 has-blanc-color has-text-color has-link-color wp-elements-36a00b6a2fb5d2597a5a21a6c5660841">Espais per trobar-se<br>i viure-hi</p></div></div><div class="image" style="background-image:url(https://greencourt.mgcomunicacio.com/wp-content/uploads/2025/11/Mobiliario-urbano-para-pistas-deportivas-y-jardines-05.jpg)"></div></div></div></div><div class="wp-block-greencourt-marges maq-contenidor normal marge-superior-gran marge-inferior-gran" data-aos="off" data-aos-delay="aos_delay"><h1 class="wp-block-heading is-style-com_titular_2">Mobiliari urbà: espais per seure, trobar-se i viure-hi</h1>

<div style="height:5vh" aria-hidden="true" class="wp-block-spacer"></div>

<p class="is-style-com_titular_4">A Greencourt ens especialitzem en la subministració i instal·lació de mobiliari urbà pensat per millorar el dia a dia de les persones i posar en valor l’espai públic. Planifiquem cada actuació segons els fluxos de pas, els usos reals i el context arquitectònic, prioritzant la durabilitat, la seguretat i un manteniment senzill. Treballem amb bancs, papereres, jardineres, baranes, pilones, pèrgoles o aparca-bicicletes, sempre amb una execució acurada i una implantació ordenada.</p>

<p></p>

<p class="is-style-com_titular_4">Disposem de models fabricats amb materials resistents i solucions antivandàliques, amb acabats de qualitat i sistemes de fixació robustos. També oferim la integració d’il·luminació eficient, senyalètica i elements d’ombra o protecció climàtica, creant espais confortables, accessibles i coherents amb la identitat de cada poble o ciutat.</p></div><div style="height:10vh" aria-hidden="true" class="wp-block-spacer"></div><div class="wp-block-greencourt-marges maq-contenidor fullwidth marge-superior-petit marge-inferior-" data-aos="off" data-aos-delay="aos_delay"><figure class="wp-block-image size-full"><img loading="lazy" decoding="async" width="2000" height="1429" src="https://greencourt.mgcomunicacio.com/wp-content/uploads/2025/11/Mobiliario-urbano-para-pistas-deportivas-y-jardines-07.jpg" alt="" class="wp-image-4017" srcset="https://greencourt.mgcomunicacio.com/wp-content/uploads/2025/11/Mobiliario-urbano-para-pistas-deportivas-y-jardines-07.jpg 2000w, https://greencourt.mgcomunicacio.com/wp-content/uploads/2025/11/Mobiliario-urbano-para-pistas-deportivas-y-jardines-07-600x429.jpg 600w, https://greencourt.mgcomunicacio.com/wp-content/uploads/2025/11/Mobiliario-urbano-para-pistas-deportivas-y-jardines-07-300x214.jpg 300w, https://greencourt.mgcomunicacio.com/wp-content/uploads/2025/11/Mobiliario-urbano-para-pistas-deportivas-y-jardines-07-1024x732.jpg 1024w, https://greencourt.mgcomunicacio.com/wp-content/uploads/2025/11/Mobiliario-urbano-para-pistas-deportivas-y-jardines-07-768x549.jpg 768w, https://greencourt.mgcomunicacio.com/wp-content/uploads/2025/11/Mobiliario-urbano-para-pistas-deportivas-y-jardines-07-1536x1097.jpg 1536w, https://greencourt.mgcomunicacio.com/wp-content/uploads/2025/11/Mobiliario-urbano-para-pistas-deportivas-y-jardines-07-340x243.jpg 340w, https://greencourt.mgcomunicacio.com/wp-content/uploads/2025/11/Mobiliario-urbano-para-pistas-deportivas-y-jardines-07-140x100.jpg 140w" sizes="auto, (max-width: 2000px) 100vw, 2000px" /></figure></div><div style="height:10vh" aria-hidden="true" class="wp-block-spacer"></div><div class="wp-block-greencourt-marges maq-contenidor normal marge-superior-petit marge-inferior-" data-aos="off" data-aos-delay="aos_delay"><h2 class="wp-block-heading is-style-com_titular_2">Característiques del mobiliari urbà Greencourt</h2></div><div style="height:10vh" aria-hidden="true" class="wp-block-spacer"></div><div class="wp-block-greencourt-ajedrez mod-escacs align-superior marge-superior- marge-inferior-"><div class="wp-block-greencourt-ajedrez-interior interior maq_cols_flex cols_2"><div class="col text"><div class="text-wrapper"><h3 class="wp-block-heading is-style-com_titular_2 has-taronja-greencourt-color has-text-color has-link-color wp-elements-0eebeb5c943a42d41b22e94a36e66b17">Bancs i zones d’estada</h3>

<p></p>

<p class="is-style-com_titular_4 has-gris-greencourt-color has-text-color has-link-color wp-elements-3aad4777deb289773792ecead0486fbc">Oferim bancs i banquetes per a parcs, places i passejos, amb diferents formats i materials per adaptar-se a cada projecte. Instal·lem solucions pensades per a l’ús intensiu, còmodes i resistents a la intempèrie, que conviden a seure, descansar i socialitzar a l’espai públic.</p></div></div><div class="col img"><div class="img-container" style="background-image:url(https://greencourt.mgcomunicacio.com/wp-content/uploads/2025/11/Mobiliario-urbano-para-pistas-deportivas-y-jardines-04.jpg)"></div></div></div>

<div class="wp-block-greencourt-ajedrez-interior interior maq_cols_flex cols_2"><div class="col text"><div class="text-wrapper"><h3 class="wp-block-heading is-style-com_titular_2 has-taronja-greencourt-color has-text-color has-link-color wp-elements-7df0fabdebf3e9def40ccf29a1ee2b9d">Papereres i gestió de residus</h3>

<p></p>

<p class="is-style-com_titular_4 has-gris-greencourt-color has-text-color has-link-color wp-elements-08043a1b9586f39345dac53255fe6f1b">Instal·lem papereres urbanes metàl·liques, de formigó o altres materials duradors, adaptades a l’ús diari i al context de cada carrer o parc. L’objectiu és facilitar la neteja i el correcte reciclatge, amb models fàcils de buidar i mantenir, que contribueixen a mantenir l’espai públic ordenat.</p></div></div><div class="col img"><div class="img-container" style="background-image:url(https://greencourt.mgcomunicacio.com/wp-content/uploads/2025/11/Mobiliario-urbano-para-pistas-deportivas-y-jardines-01.jpg)"></div></div></div>

<div class="wp-block-greencourt-ajedrez-interior interior maq_cols_flex cols_2"><div class="col text"><div class="text-wrapper"><h3 class="wp-block-heading is-style-com_titular_2 has-taronja-greencourt-color has-text-color has-link-color wp-elements-5c1dca3171be0bc9a332acb4804293eb">Jardineres i elements verds</h3>

<p></p>

<p class="is-style-com_titular_4 has-gris-greencourt-color has-text-color has-link-color wp-elements-75632e6710e3cb8eae44bb29bf1fb70d">Disposem de jardineres decoratives de diferents formats i capacitats, que permeten incorporar verd urbà allà on no és possible plantar directament al terra. Són una eina útil per delimitar espais, guiar recorreguts i afegir color i textura, millorant la percepció de l’entorn amb un manteniment controlat.</p></div></div><div class="col img"><div class="img-container" style="background-image:url(https://greencourt.mgcomunicacio.com/wp-content/uploads/2025/11/Mobiliario-urbano-para-pistas-deportivas-y-jardines-03.jpg)"></div></div></div>

<div class="wp-block-greencourt-ajedrez-interior interior maq_cols_flex cols_2"><div class="col text"><div class="text-wrapper"><h3 class="wp-block-heading is-style-com_titular_2 has-taronja-greencourt-color has-text-color has-link-color wp-elements-d012a05e64b7b56bae5dcabde4965f0e">Fonts i altres elements urbans</h3>

<p></p>

<p class="is-style-com_titular_4 has-gris-greencourt-color has-text-color has-link-color wp-elements-c570fdc123f414d5a4c67b48bf142442">Oferim la instal·lació de fonts bevedores, pilones, aparcabicicletes i altres elements de mobiliari que ordenen i estructuren l’espai públic. Són solucions robustes i funcionals, pensades per facilitar la convivència entre vianants, bicicletes i vehicles, i per fer l’espai més amable i practicable per a tothom.</p></div></div><div class="col img"><div class="img-container" style="background-image:url(https://greencourt.mgcomunicacio.com/wp-content/uploads/2025/11/Mobiliario-urbano-para-pistas-deportivas-y-jardines-02.jpg)"></div></div></div></div><p></p>
