{"id":397,"date":"2025-05-22T08:04:07","date_gmt":"2025-05-22T08:04:07","guid":{"rendered":"https:\/\/greencourt.mgcomunicacio.com\/?page_id=397"},"modified":"2025-11-26T06:42:08","modified_gmt":"2025-11-26T05:42:08","slug":"gespa-artificial","status":"publish","type":"page","link":"https:\/\/greencourt.mgcomunicacio.com\/ca\/solucions\/urban\/gespa-artificial\/","title":{"rendered":"Gespa artificial"},"content":{"rendered":"<div class=\"wp-block-greencourt-cabecera mod-cabecera f1_2\"><div class=\"slider\"><div class=\"wp-block-greencourt-cabecera-interior slide\"><div class=\"maq-contenidor\" style=\"backdrop-filter: blur(0px)\"><div class=\"text\"><p class=\"has-text-align-center is-style-com_titular_1 has-blanc-color has-text-color has-link-color wp-elements-09c3aa30d29b3f67415486880bf46f6b\">Jardins verds<br>tot l\u2019any<\/p><\/div><\/div><div class=\"image\" style=\"background-image:url(https:\/\/greencourt.mgcomunicacio.com\/wp-content\/uploads\/2025\/08\/Cesped-Artificial-05.jpg)\"><\/div><\/div><\/div><\/div><div class=\"wp-block-greencourt-marges maq-contenidor normal marge-superior-gran marge-inferior-gran\" data-aos=\"off\" data-aos-delay=\"aos_delay\"><h1 class=\"wp-block-heading is-style-com_titular_2\">Gespa artificial per a jardins: verd tot l\u2019any, sense complicacions<\/h1>\n\n<div style=\"height:5vh\" aria-hidden=\"true\" class=\"wp-block-spacer\"><\/div>\n\n<p class=\"is-style-com_titular_4\">La gespa artificial \u00e9s una soluci\u00f3 ideal per a jardins privats, patis, cobertes o zones comunit\u00e0ries. A Greencourt en cuidem cada detall: des de la preparaci\u00f3 de la base i el drenatge fins a la col\u00b7locaci\u00f3 precisa i la integraci\u00f3 amb altres elements decoratius com tarimes, graves o jardineres.<\/p>\n\n<p><\/p>\n\n<p class=\"is-style-com_titular_4\">Treballem amb gespes d\u2019alta qualitat, amb un acabat natural, resist\u00e8ncia UV i gran durabilitat. El resultat \u00e9s un espai net, verd tot l\u2019any i que pr\u00e0cticament no requereix manteniment. Ideal per qui busca comoditat, est\u00e8tica i funcionalitat alhora.<\/p><\/div><div style=\"height:10vh\" aria-hidden=\"true\" class=\"wp-block-spacer\"><\/div><div class=\"wp-block-greencourt-marges maq-contenidor fullwidth marge-superior-petit marge-inferior-\" data-aos=\"off\" data-aos-delay=\"aos_delay\"><figure class=\"wp-block-image size-full\"><img loading=\"lazy\" decoding=\"async\" width=\"2288\" height=\"1523\" src=\"https:\/\/greencourt.mgcomunicacio.com\/wp-content\/uploads\/2025\/11\/Cesped-Artificial-08.jpg\" alt=\"\" class=\"wp-image-4026\" srcset=\"https:\/\/greencourt.mgcomunicacio.com\/wp-content\/uploads\/2025\/11\/Cesped-Artificial-08.jpg 2288w, https:\/\/greencourt.mgcomunicacio.com\/wp-content\/uploads\/2025\/11\/Cesped-Artificial-08-600x399.jpg 600w, https:\/\/greencourt.mgcomunicacio.com\/wp-content\/uploads\/2025\/11\/Cesped-Artificial-08-300x200.jpg 300w, https:\/\/greencourt.mgcomunicacio.com\/wp-content\/uploads\/2025\/11\/Cesped-Artificial-08-1024x682.jpg 1024w, https:\/\/greencourt.mgcomunicacio.com\/wp-content\/uploads\/2025\/11\/Cesped-Artificial-08-768x511.jpg 768w, https:\/\/greencourt.mgcomunicacio.com\/wp-content\/uploads\/2025\/11\/Cesped-Artificial-08-1536x1022.jpg 1536w, https:\/\/greencourt.mgcomunicacio.com\/wp-content\/uploads\/2025\/11\/Cesped-Artificial-08-2048x1363.jpg 2048w, https:\/\/greencourt.mgcomunicacio.com\/wp-content\/uploads\/2025\/11\/Cesped-Artificial-08-340x226.jpg 340w, https:\/\/greencourt.mgcomunicacio.com\/wp-content\/uploads\/2025\/11\/Cesped-Artificial-08-140x93.jpg 140w\" sizes=\"auto, (max-width: 2288px) 100vw, 2288px\" \/><\/figure><\/div><div style=\"height:10vh\" aria-hidden=\"true\" class=\"wp-block-spacer\"><\/div><div class=\"wp-block-greencourt-marges maq-contenidor normal marge-superior-petit marge-inferior-\" data-aos=\"off\" data-aos-delay=\"aos_delay\"><h2 class=\"wp-block-heading is-style-com_titular_2\">Caracter\u00edstiques de la gespa artifical Greencourt<\/h2><\/div><div style=\"height:10vh\" aria-hidden=\"true\" class=\"wp-block-spacer\"><\/div><div class=\"wp-block-greencourt-ajedrez mod-escacs align-superior marge-superior- marge-inferior-\"><div class=\"wp-block-greencourt-ajedrez-interior interior maq_cols_flex cols_2\"><div class=\"col text\"><div class=\"text-wrapper\"><h3 class=\"wp-block-heading is-style-com_titular_2 has-taronja-greencourt-color has-text-color has-link-color wp-elements-5d99c93c5d5aa7fbaa5d9e5baf6c4597\">Aparen\u00e7a realista i tacte suau<\/h3>\n\n<p><\/p>\n\n<p class=\"is-style-com_titular_4 has-gris-greencourt-color has-text-color has-link-color wp-elements-863d9152aebb3b86b5a0e59843bcf9c5\">Utilitzem gespes de fibres d\u2019\u00faltima generaci\u00f3 que simulen amb precisi\u00f3 l\u2019aspecte i el tacte de la gespa natural, aportant confort i realisme a qualsevol espai.<\/p><\/div><\/div><div class=\"col img\"><div class=\"img-container\" style=\"background-image:url(https:\/\/greencourt.mgcomunicacio.com\/wp-content\/uploads\/2025\/08\/Cesped-Artificial-02.jpg)\"><\/div><\/div><\/div>\n\n<div class=\"wp-block-greencourt-ajedrez-interior interior maq_cols_flex cols_2\"><div class=\"col text\"><div class=\"text-wrapper\"><h3 class=\"wp-block-heading is-style-com_titular_2 has-taronja-greencourt-color has-text-color has-link-color wp-elements-daa114947f5865cd0e75f78ffa5a0ea8\">Drenatge r\u00e0pid i f\u00e0cil neteja<\/h3>\n\n<p><\/p>\n\n<p class=\"is-style-com_titular_4 has-gris-greencourt-color has-text-color has-link-color wp-elements-da297abd6f791bb4673e54fcd07d1eb4\">La base i el tipus de gespa asseguren una evacuaci\u00f3 r\u00e0pida de l\u2019aigua i permeten una neteja senzilla amb aigua o bufadors, mantenint l\u2019espai sempre a punt.<\/p><\/div><\/div><div class=\"col img\"><div class=\"img-container\" style=\"background-image:url(https:\/\/greencourt.mgcomunicacio.com\/wp-content\/uploads\/2025\/08\/Cesped-Artificial-04.jpg)\"><\/div><\/div><\/div>\n\n<div class=\"wp-block-greencourt-ajedrez-interior interior maq_cols_flex cols_2\"><div class=\"col text\"><div class=\"text-wrapper\"><h3 class=\"wp-block-heading is-style-com_titular_2 has-taronja-greencourt-color has-text-color has-link-color wp-elements-2f9f67b5b932260c16dfe9cdb1247173\">Resistent al sol, la pluja i l\u2019\u00fas diari<\/h3>\n\n<p><\/p>\n\n<p class=\"is-style-com_titular_4 has-gris-greencourt-color has-text-color has-link-color wp-elements-b30c0f1520cd05a1911ef7bc46424be1\">La nostra gespa artificial resisteix perfectament la incid\u00e8ncia solar, la pluja, els canvis de temperatura i l\u2019\u00fas intens, mantenint el seu aspecte original durant anys.<\/p><\/div><\/div><div class=\"col img\"><div class=\"img-container\" style=\"background-image:url(https:\/\/greencourt.mgcomunicacio.com\/wp-content\/uploads\/2025\/08\/Cesped-Artificial-03.jpg)\"><\/div><\/div><\/div>\n\n<div class=\"wp-block-greencourt-ajedrez-interior interior maq_cols_flex cols_2\"><div class=\"col text\"><div class=\"text-wrapper\"><h3 class=\"wp-block-heading is-style-com_titular_2 has-taronja-greencourt-color has-text-color has-link-color wp-elements-f2ebf13db13195c8ba5f1e44b47d14e5\">Perfecta combinaci\u00f3 amb tarimes o graves decoratives<\/h3>\n\n<p><\/p>\n\n<p class=\"is-style-com_titular_4 has-gris-greencourt-color has-text-color has-link-color wp-elements-33d93d50a5bd5599010cfc99f1e18a4c\">Permet una integraci\u00f3 elegant amb tarimes, graves o jardineres, creant composicions modernes i personalitzades en jardins privats o comunitaris.<\/p><\/div><\/div><div class=\"col img\"><div class=\"img-container\" style=\"background-image:url(https:\/\/greencourt.mgcomunicacio.com\/wp-content\/uploads\/2025\/08\/Cesped-Artificial-01.jpg)\"><\/div><\/div><\/div><\/div><p><\/p>","protected":false},"excerpt":{"rendered":"","protected":false},"author":1,"featured_media":0,"parent":382,"menu_order":0,"comment_status":"closed","ping_status":"closed","template":"","meta":{"_acf_changed":false,"footnotes":""},"class_list":["post-397","page","type-page","status-publish","hentry"],"acf":[],"_links":{"self":[{"href":"https:\/\/greencourt.mgcomunicacio.com\/ca\/wp-json\/wp\/v2\/pages\/397","targetHints":{"allow":["GET"]}}],"collection":[{"href":"https:\/\/greencourt.mgcomunicacio.com\/ca\/wp-json\/wp\/v2\/pages"}],"about":[{"href":"https:\/\/greencourt.mgcomunicacio.com\/ca\/wp-json\/wp\/v2\/types\/page"}],"author":[{"embeddable":true,"href":"https:\/\/greencourt.mgcomunicacio.com\/ca\/wp-json\/wp\/v2\/users\/1"}],"replies":[{"embeddable":true,"href":"https:\/\/greencourt.mgcomunicacio.com\/ca\/wp-json\/wp\/v2\/comments?post=397"}],"version-history":[{"count":10,"href":"https:\/\/greencourt.mgcomunicacio.com\/ca\/wp-json\/wp\/v2\/pages\/397\/revisions"}],"predecessor-version":[{"id":4513,"href":"https:\/\/greencourt.mgcomunicacio.com\/ca\/wp-json\/wp\/v2\/pages\/397\/revisions\/4513"}],"up":[{"embeddable":true,"href":"https:\/\/greencourt.mgcomunicacio.com\/ca\/wp-json\/wp\/v2\/pages\/382"}],"wp:attachment":[{"href":"https:\/\/greencourt.mgcomunicacio.com\/ca\/wp-json\/wp\/v2\/media?parent=397"}],"curies":[{"name":"wp","href":"https:\/\/api.w.org\/{rel}","templated":true}]}}

<div class="wp-block-greencourt-cabecera mod-cabecera f1_2"><div class="slider"><div class="wp-block-greencourt-cabecera-interior slide"><div class="maq-contenidor" style="backdrop-filter: blur(0px)"><div class="text"><p class="has-text-align-center is-style-com_titular_1 has-blanc-color has-text-color has-link-color wp-elements-09c3aa30d29b3f67415486880bf46f6b">Jardins verds<br>tot l’any</p></div></div><div class="image" style="background-image:url(https://greencourt.mgcomunicacio.com/wp-content/uploads/2025/08/Cesped-Artificial-05.jpg)"></div></div></div></div><div class="wp-block-greencourt-marges maq-contenidor normal marge-superior-gran marge-inferior-gran" data-aos="off" data-aos-delay="aos_delay"><h1 class="wp-block-heading is-style-com_titular_2">Gespa artificial per a jardins: verd tot l’any, sense complicacions</h1>

<div style="height:5vh" aria-hidden="true" class="wp-block-spacer"></div>

<p class="is-style-com_titular_4">La gespa artificial és una solució ideal per a jardins privats, patis, cobertes o zones comunitàries. A Greencourt en cuidem cada detall: des de la preparació de la base i el drenatge fins a la col·locació precisa i la integració amb altres elements decoratius com tarimes, graves o jardineres.</p>

<p></p>

<p class="is-style-com_titular_4">Treballem amb gespes d’alta qualitat, amb un acabat natural, resistència UV i gran durabilitat. El resultat és un espai net, verd tot l’any i que pràcticament no requereix manteniment. Ideal per qui busca comoditat, estètica i funcionalitat alhora.</p></div><div style="height:10vh" aria-hidden="true" class="wp-block-spacer"></div><div class="wp-block-greencourt-marges maq-contenidor fullwidth marge-superior-petit marge-inferior-" data-aos="off" data-aos-delay="aos_delay"><figure class="wp-block-image size-full"><img loading="lazy" decoding="async" width="2288" height="1523" src="https://greencourt.mgcomunicacio.com/wp-content/uploads/2025/11/Cesped-Artificial-08.jpg" alt="" class="wp-image-4026" srcset="https://greencourt.mgcomunicacio.com/wp-content/uploads/2025/11/Cesped-Artificial-08.jpg 2288w, https://greencourt.mgcomunicacio.com/wp-content/uploads/2025/11/Cesped-Artificial-08-600x399.jpg 600w, https://greencourt.mgcomunicacio.com/wp-content/uploads/2025/11/Cesped-Artificial-08-300x200.jpg 300w, https://greencourt.mgcomunicacio.com/wp-content/uploads/2025/11/Cesped-Artificial-08-1024x682.jpg 1024w, https://greencourt.mgcomunicacio.com/wp-content/uploads/2025/11/Cesped-Artificial-08-768x511.jpg 768w, https://greencourt.mgcomunicacio.com/wp-content/uploads/2025/11/Cesped-Artificial-08-1536x1022.jpg 1536w, https://greencourt.mgcomunicacio.com/wp-content/uploads/2025/11/Cesped-Artificial-08-2048x1363.jpg 2048w, https://greencourt.mgcomunicacio.com/wp-content/uploads/2025/11/Cesped-Artificial-08-340x226.jpg 340w, https://greencourt.mgcomunicacio.com/wp-content/uploads/2025/11/Cesped-Artificial-08-140x93.jpg 140w" sizes="auto, (max-width: 2288px) 100vw, 2288px" /></figure></div><div style="height:10vh" aria-hidden="true" class="wp-block-spacer"></div><div class="wp-block-greencourt-marges maq-contenidor normal marge-superior-petit marge-inferior-" data-aos="off" data-aos-delay="aos_delay"><h2 class="wp-block-heading is-style-com_titular_2">Característiques de la gespa artifical Greencourt</h2></div><div style="height:10vh" aria-hidden="true" class="wp-block-spacer"></div><div class="wp-block-greencourt-ajedrez mod-escacs align-superior marge-superior- marge-inferior-"><div class="wp-block-greencourt-ajedrez-interior interior maq_cols_flex cols_2"><div class="col text"><div class="text-wrapper"><h3 class="wp-block-heading is-style-com_titular_2 has-taronja-greencourt-color has-text-color has-link-color wp-elements-5d99c93c5d5aa7fbaa5d9e5baf6c4597">Aparença realista i tacte suau</h3>

<p></p>

<p class="is-style-com_titular_4 has-gris-greencourt-color has-text-color has-link-color wp-elements-863d9152aebb3b86b5a0e59843bcf9c5">Utilitzem gespes de fibres d’última generació que simulen amb precisió l’aspecte i el tacte de la gespa natural, aportant confort i realisme a qualsevol espai.</p></div></div><div class="col img"><div class="img-container" style="background-image:url(https://greencourt.mgcomunicacio.com/wp-content/uploads/2025/08/Cesped-Artificial-02.jpg)"></div></div></div>

<div class="wp-block-greencourt-ajedrez-interior interior maq_cols_flex cols_2"><div class="col text"><div class="text-wrapper"><h3 class="wp-block-heading is-style-com_titular_2 has-taronja-greencourt-color has-text-color has-link-color wp-elements-daa114947f5865cd0e75f78ffa5a0ea8">Drenatge ràpid i fàcil neteja</h3>

<p></p>

<p class="is-style-com_titular_4 has-gris-greencourt-color has-text-color has-link-color wp-elements-da297abd6f791bb4673e54fcd07d1eb4">La base i el tipus de gespa asseguren una evacuació ràpida de l’aigua i permeten una neteja senzilla amb aigua o bufadors, mantenint l’espai sempre a punt.</p></div></div><div class="col img"><div class="img-container" style="background-image:url(https://greencourt.mgcomunicacio.com/wp-content/uploads/2025/08/Cesped-Artificial-04.jpg)"></div></div></div>

<div class="wp-block-greencourt-ajedrez-interior interior maq_cols_flex cols_2"><div class="col text"><div class="text-wrapper"><h3 class="wp-block-heading is-style-com_titular_2 has-taronja-greencourt-color has-text-color has-link-color wp-elements-2f9f67b5b932260c16dfe9cdb1247173">Resistent al sol, la pluja i l’ús diari</h3>

<p></p>

<p class="is-style-com_titular_4 has-gris-greencourt-color has-text-color has-link-color wp-elements-b30c0f1520cd05a1911ef7bc46424be1">La nostra gespa artificial resisteix perfectament la incidència solar, la pluja, els canvis de temperatura i l’ús intens, mantenint el seu aspecte original durant anys.</p></div></div><div class="col img"><div class="img-container" style="background-image:url(https://greencourt.mgcomunicacio.com/wp-content/uploads/2025/08/Cesped-Artificial-03.jpg)"></div></div></div>

<div class="wp-block-greencourt-ajedrez-interior interior maq_cols_flex cols_2"><div class="col text"><div class="text-wrapper"><h3 class="wp-block-heading is-style-com_titular_2 has-taronja-greencourt-color has-text-color has-link-color wp-elements-f2ebf13db13195c8ba5f1e44b47d14e5">Perfecta combinació amb tarimes o graves decoratives</h3>

<p></p>

<p class="is-style-com_titular_4 has-gris-greencourt-color has-text-color has-link-color wp-elements-33d93d50a5bd5599010cfc99f1e18a4c">Permet una integració elegant amb tarimes, graves o jardineres, creant composicions modernes i personalitzades en jardins privats o comunitaris.</p></div></div><div class="col img"><div class="img-container" style="background-image:url(https://greencourt.mgcomunicacio.com/wp-content/uploads/2025/08/Cesped-Artificial-01.jpg)"></div></div></div></div><p></p>
