{"id":5967,"date":"2025-10-31T16:00:25","date_gmt":"2025-10-31T16:00:25","guid":{"rendered":"https:\/\/greencourt.mgcomunicacio.com\/producto\/cadira-modo10\/"},"modified":"2025-10-31T16:00:25","modified_gmt":"2025-10-31T15:00:25","slug":"cadira-modo10","status":"publish","type":"product","link":"https:\/\/greencourt.mgcomunicacio.com\/ca\/producto\/cadira-modo10\/","title":{"rendered":"Cadira modo10"},"content":{"rendered":"","protected":false},"excerpt":{"rendered":"<p>Presentem la Cadira MODO10, una pe\u00e7a de mobiliari que combina estil i comoditat amb materials d&#8217;alta qualitat. Les seves potes d&#8217;alumini anoditzat (AG3) no nom\u00e9s ofereixen resist\u00e8ncia i durabilitat, sin\u00f3 que tamb\u00e9 aporten un toc modern al disseny. La superf\u00edcie del seient est\u00e0 conformada per 7 llistons de fusta tropical de 35x110x700 mm, proporcionant un seient ergon\u00f2mic i agradable.  <\/p>\n<p>Amb un acabat en vern\u00eds de porus obert, la Cadira MODO10 ressalta la bellesa natural de la fusta i la protegeix contra els efectes de l&#8217;\u00fas diari. La cargoleria d&#8217;acer inoxidable no nom\u00e9s afegeix un toc est\u00e8tic, sin\u00f3 que tamb\u00e9 garanteix la resist\u00e8ncia a la corrosi\u00f3, prolongant la vida \u00fatil de la cadira. <\/p>\n<p>Amb unes dimensions de 700,00 mm de llarg, 648,00 mm d&#8217;ample i 794,00 mm d&#8217;alt, aquesta cadira \u00e9s ideal per a espais moderns i vers\u00e0tils. Ja sigui al vostre menjador, oficina o com un elegant complement en exteriors, la Cadira MODO10 ofereix no nom\u00e9s funcionalitat sin\u00f3 tamb\u00e9 un disseny atractiu i durador. <\/p>\n","protected":false},"featured_media":3325,"comment_status":"closed","ping_status":"open","template":"","meta":{"_acf_changed":false},"product_brand":[],"product_cat":[236,246],"product_tag":[],"class_list":{"0":"post-5967","1":"product","2":"type-product","3":"status-publish","4":"has-post-thumbnail","6":"product_cat-mobiliari","7":"product_cat-mobiliari-esportiu","9":"first","10":"instock","11":"purchasable","12":"product-type-simple"},"acf":[],"_links":{"self":[{"href":"https:\/\/greencourt.mgcomunicacio.com\/ca\/wp-json\/wp\/v2\/product\/5967","targetHints":{"allow":["GET"]}}],"collection":[{"href":"https:\/\/greencourt.mgcomunicacio.com\/ca\/wp-json\/wp\/v2\/product"}],"about":[{"href":"https:\/\/greencourt.mgcomunicacio.com\/ca\/wp-json\/wp\/v2\/types\/product"}],"replies":[{"embeddable":true,"href":"https:\/\/greencourt.mgcomunicacio.com\/ca\/wp-json\/wp\/v2\/comments?post=5967"}],"wp:featuredmedia":[{"embeddable":true,"href":"https:\/\/greencourt.mgcomunicacio.com\/ca\/wp-json\/wp\/v2\/media\/3325"}],"wp:attachment":[{"href":"https:\/\/greencourt.mgcomunicacio.com\/ca\/wp-json\/wp\/v2\/media?parent=5967"}],"wp:term":[{"taxonomy":"product_brand","embeddable":true,"href":"https:\/\/greencourt.mgcomunicacio.com\/ca\/wp-json\/wp\/v2\/product_brand?post=5967"},{"taxonomy":"product_cat","embeddable":true,"href":"https:\/\/greencourt.mgcomunicacio.com\/ca\/wp-json\/wp\/v2\/product_cat?post=5967"},{"taxonomy":"product_tag","embeddable":true,"href":"https:\/\/greencourt.mgcomunicacio.com\/ca\/wp-json\/wp\/v2\/product_tag?post=5967"}],"curies":[{"name":"wp","href":"https:\/\/api.w.org\/{rel}","templated":true}]}}

<p>Presentem la Cadira MODO10, una peça de mobiliari que combina estil i comoditat amb materials d&#8217;alta qualitat. Les seves potes d&#8217;alumini anoditzat (AG3) no només ofereixen resistència i durabilitat, sinó que també aporten un toc modern al disseny. La superfície del seient està conformada per 7 llistons de fusta tropical de 35x110x700 mm, proporcionant un seient ergonòmic i agradable.  </p>
<p>Amb un acabat en vernís de porus obert, la Cadira MODO10 ressalta la bellesa natural de la fusta i la protegeix contra els efectes de l&#8217;ús diari. La cargoleria d&#8217;acer inoxidable no només afegeix un toc estètic, sinó que també garanteix la resistència a la corrosió, prolongant la vida útil de la cadira. </p>
<p>Amb unes dimensions de 700,00 mm de llarg, 648,00 mm d&#8217;ample i 794,00 mm d&#8217;alt, aquesta cadira és ideal per a espais moderns i versàtils. Ja sigui al vostre menjador, oficina o com un elegant complement en exteriors, la Cadira MODO10 ofereix no només funcionalitat sinó també un disseny atractiu i durador. </p>
